when 1087 is divided by 33?
31
What is the remainder when 4102 is divided by 410?
2
What is the remainder when 3949 is divided by 52?
49
What is the remainder when 204 is divided by 99?
6
Calculate the remainder when 98 is divided by 4.
2
Calculate the remainder when 1025 is divided by 79.
77
What is the remainder when 484 is divided by 147?
43
What is the remainder when 458 is divided by 22?
18
Calculate the remainder when 269 is divided by 21.
17
Calculate the remainder when 29 is divided by 3.
2
What is the remainder when 149 is divided by 75?
74
Calculate the remainder when 7105 is divided by 22.
21
What is the remainder when 944 is divided by 22?
20
What is the remainder when 284 is divided by 136?
12
What is the remainder when 42582 is divided by 17?
14
What is the remainder when 237 is divided by 60?
57
What is the remainder when 142 is divided by 24?
22
Calculate the remainder when 1223 is divided by 301.
19
What is the remainder when 12867 is divided by 198?
195
What is the remainder when 76 is divided by 21?
13
What is the remainder when 176 is divided by 153?
23
Calculate the remainder when 18175 is divided by 15.
10
Calculate the remainder when 1026 is divided by 13.
12
What is the remainder when 2447 is divided by 102?
101
Calculate the remainder when 1453 is divided by 723.
7
Calculate the remainder when 95 is divided by 65.
30
What is the remainder when 38 is divided by 9?
2
Calculate the remainder when 9 is divided by 8.
1
What is the remainder when 824 is divided by 809?
15
Calculate the remainder when 3237 is divided by 1079.
0
Calculate the remainder when 280 is divided by 15.
10
Calculate the remainder when 594 is divided by 70.
34
Calculate the remainder when 126 is divided by 88.
38
What is the remainder when 902 is divided by 149?
8
Calculate the remainder when 5740 is divided by 412.
384
What is the remainder when 252 is divided by 83?
3
What is the remainder when 150 is divided by 35?
10
What is the remainder when 261 is divided by 19?
14
What is the remainder when 932 is divided by 24?
20
Calculate the remainder when 116 is divided by 48.
20
Calculate the remainder when 1426 is divided by 102.
100
What is the remainder when 258 is divided by 38?
30
Calculate the remainder when 701 is divided by 694.
7
What is the remainder when 155 is divided by 10?
5
Calculate the remainder when 1698 is divided by 21.
18
What is the remainder when 1486 is divided by 38?
4
What is the remainder when 842 is divided by 25?
17
What is the remainder when 369 is divided by 96?
81
What is the remainder when 1534 is divided by 4?
2
Calculate the remainder when 29 is divided by 17.
12
Calculate the remainder when 681 is divided by 105.
51
Calculate the remainder when 559 is divided by 56.
55
What is the remainder when 883 is divided by 148?
143
Calculate the remainder when 626 is divided by 35.
31
Calculate the remainder when 234 is divided by 181.
53
Calculate the remainder when 1434 is divided by 24.
18
What is the remainder when 215 is divided by 203?
12
Calculate the remainder when 27 is divided by 13.
1
Calculate the remainder when 5354 is divided by 61.
47
Calculate the remainder when 575 is divided by 31.
17
What is the remainder when 61 is divided by 32?
29
What is the remainder when 2131 is divided by 41?
40
What is the remainder when 53 is divided by 27?
26
Calculate the remainder when 215 is divided by 27.
26
Calculate the remainder when 376 is divided by 76.
72
Calculate the remainder when 350 is divided by 38.
8
Calculate the remainder when 1029 is divided by 206.
205
What is the remainder when 3662 is divided by 39?
35
Calculate the remainder when 8538 is divided by 20.
18
What is the remainder when 849 is divided by 244?
117
Calculate the remainder when 413 is divided by 215.
198
What is the remainder when 166 is divided by 85?
81
Calculate the remainder when 11206 is divided by 280.
6
What is the remainder when 3953 is divided by 86?
83
Calculate the remainder when 127 is divided by 118.
9
Calculate the remainder when 1526 is divided by 139.
136
What is the remainder when 723 is divided by 117?
21
Calculate the remainder when 153 is divided by 26.
23
Calculate the remainder when 4370 is divided by 125.
120
Calculate the remainder when 3805 is divided by 103.
97
Calculate the remainder when 318 is divided by 108.
102
What is the remainder when 13123 is divided by 21?
19
Calculate the remainder when 110 is divided by 16.
14
What is the remainder when 35 is divided by 10?
5
Calculate the remainder when 2281 is divided by 79.
69
Calculate the remainder when 154 is divided by 52.
50
Calculate the remainder when 254 is divided by 3.
2
Calculate the remainder when 62 is divided by 15.
2
Calculate the remainder when 83 is divided by 34.
15
What is the remainder when 59 is divided by 17?
8
Calculate the remainder when 201 is divided by 100.
1
What is the remainder when 134 is divided by 7?
1
What is the remainder when 528 is divided by 112?
80
Calculate the remainder when 765 is divided by 12.
9
What is the remainder when 854 is divided by 33?
29
Calculate the remainder when 78 is divided by 12.
6
Calculate the remainder when 503 is divided by 23.
20
What is the remainder when 619 is divided by 23?
21
What is the remainder when 263 is divided by 56?
39
What is the remainder when 166 is divided by 21?
19
What is the remainder when 1369 is divided by 677?
15
Calculate the remainder when 207 is divided by 104.
103
Calculate the remainder when 1919 is divided by 38.
19
What is the remainder when 144 is divided by 30?
24
What is the remainder when 1019 is divided by 73?
70
Calculate the remainder when 708 is divided by 360.
348
Calculate the remainder when 343 is divided by 126.
91
Calculate the remainder when 470 is divided by 90.
20
Calculate the remainder when 442 is divided by 37.
35
Calculate the remainder when 1987 is divided by 17.
15
Calculate the remainder when 155 is divided by 74.
7
Calculate the remainder when 71978 is divided by 31.
27
What is the remainder when 9161 is divided by 191?
184
Calculate the remainder when 100 is divided by 27.
19
What is the remainder when 88 is divided by 65?
23
Calculate the remainder when 144 is divided by 34.
8
What is the remainder when 36997 is divided by 25?
22
What is the remainder when 420 is divided by 9?
6
What is the remainder when 261 is divided by 11?
8
Calculate the remainder when 69 is divided by 7.
6
What is the remainder when 821 is divided by 40?
21
Calculate the remainder when 180 is divided by 24.
12
What is the remainder when 7383 is divided by 3670?
43
Calculate the remainder when 1324 is divided by 17.
15
What is the remainder when 154 is divided by 15?
4
Calculate the remainder when 2071 is divided by 31.
25
Calculate the remainder when 385 is divided by 184.
17
Calculate the remainder when 822 is divided by 139.
127
Calculate the remainder when 302 is divided by 12.
2
Calculate the remainder when 96 is divided by 51.
45
Calculate the remainder when 953 is divided by 33.
29
What is the remainder when 218 is divided by 2?
0
What is the remainder when 252 is divided by 17?
14
Calculate the remainder when 1872 is divided by 40.
32
What is the remainder when 1402 is divided by 56?
2
Calculate the remainder when 154 is divided by 16.
10
Calculate the remainder when 81 is divided by 22.
15
What is the remainder when 557 is divided by 20?
17
What is the remainder when 319 is divided by 24?
7
What is the remainder when 86 is divided by 31?
24
What is the remainder when 389 is divided by 20?
9
What is the remainder when 156 is divided by 55?
46
What is the remainder when 766 is divided by 110?
106
Calculate the remainder when 1172 is divided by 572.
28
What is the remainder when 840 is divided by 297?
246
What is the remainder when 713 is divided by 34?
33
What is the remainder when 288 is divided by 5?
3
What is the remainder when 45 is divided by 25?
20
What is the remainder when 229 is divided by 7?
5
Calculate the remainder when 5723 is divided by 54.
53
What is the remainder when 2712 is divided by 97?
93
Calculate the remainder when 89 is divided by 24.
17
What is the remainder when 2082 is divided by 43?
18
Calculate the remainder when 202 is divided by 86.
30
Calculate 